929.
51
What is the greatest common factor of 4400 and 1480?
40
Calculate the greatest common divisor of 297144 and 360.
72
What is the highest common divisor of 4466 and 40502?
154
What is the greatest common divisor of 14453 and 112793?
149
Calculate the greatest common factor of 13374 and 36.
18
What is the greatest common divisor of 10081 and 68?
17
Calculate the greatest common factor of 1642524 and 156.
156
Calculate the highest common divisor of 917790 and 30.
30
What is the greatest common divisor of 3196 and 553707?
799
Calculate the greatest common divisor of 153 and 3528639.
153
Calculate the highest common factor of 5544 and 3752.
56
What is the greatest common divisor of 1184 and 629?
37
What is the highest common divisor of 24 and 5544?
24
Calculate the greatest common divisor of 319 and 21.
1
Calculate the highest common divisor of 29766 and 176.
22
Calculate the greatest common factor of 138 and 68218.
46
What is the greatest common divisor of 330540 and 560?
140
What is the greatest common factor of 17222 and 2844?
158
What is the greatest common factor of 279 and 1089?
9
What is the highest common factor of 285354 and 1337?
191
Calculate the greatest common divisor of 267582 and 46.
46
What is the greatest common divisor of 111104 and 14?
14
What is the greatest common divisor of 1253 and 10448767?
1253
What is the highest common divisor of 54451 and 68?
17
What is the highest common factor of 246 and 81057?
123
Calculate the greatest common divisor of 1133360 and 32.
16
Calculate the greatest common divisor of 82 and 128494.
82
What is the highest common factor of 76049 and 54513?
673
What is the greatest common divisor of 6415063 and 71?
71
Calculate the greatest common factor of 85 and 384931.
17
Calculate the greatest common factor of 23324 and 1836.
68
Calculate the greatest common divisor of 179928 and 135.
27
What is the greatest common divisor of 1782 and 3157?
11
What is the greatest common factor of 12 and 10200?
12
Calculate the highest common factor of 245680 and 332.
332
What is the greatest common divisor of 51 and 270113?
17
What is the greatest common factor of 1383187 and 1133?
103
What is the greatest common divisor of 50952 and 1848?
264
Calculate the highest common divisor of 57 and 13992.
3
What is the greatest common factor of 10325 and 21?
7
What is the highest common divisor of 511103 and 695?
139
Calculate the highest common factor of 1512 and 23352.
168
What is the greatest common divisor of 128 and 1490560?
128
Calculate the greatest common divisor of 27473 and 2979.
331
Calculate the greatest common factor of 16680 and 80.
40
Calculate the highest common divisor of 108 and 594336.
12
What is the greatest common factor of 3210 and 82176?
642
What is the highest common factor of 228319 and 117?
13
Calculate the highest common factor of 832 and 701324.
52
Calculate the greatest common divisor of 18035 and 1.
1
What is the highest common divisor of 1193478 and 78?
78
Calculate the highest common divisor of 410 and 226607.
41
Calculate the highest common factor of 52205 and 477.
53
Calculate the greatest common divisor of 999 and 1386723.
111
Calculate the greatest common factor of 66241 and 7.
7
Calculate the greatest common divisor of 468216 and 112.
56
Calculate the greatest common divisor of 4429 and 817.
43
What is the highest common factor of 108 and 73521?
27
What is the highest common divisor of 86984 and 26200?
1048
What is the highest common factor of 128 and 804992?
128
Calculate the greatest common divisor of 102415 and 5.
5
What is the greatest common divisor of 12460 and 490?
70
What is the highest common factor of 632 and 16?
8
What is the greatest common factor of 21257 and 29?
29
Calculate the greatest common divisor of 9263 and 944.
59
Calculate the highest common factor of 16 and 59992.
8
Calculate the highest common divisor of 4 and 42643.
1
What is the highest common factor of 211 and 178717?
211
What is the highest common factor of 7356 and 1164?
12
Calculate the highest common divisor of 139019 and 61.
61
What is the greatest common factor of 568 and 2017536?
568
What is the highest common factor of 17 and 143191?
17
Calculate the highest common divisor of 4095036 and 27.
27
Calculate the greatest common divisor of 585 and 9045.
45
Calculate the highest common divisor of 264 and 64944.
264
What is the greatest common factor of 2608840 and 200?
40
Calculate the highest common divisor of 2672400 and 75.
75
What is the greatest common divisor of 280 and 27755?
35
What is the highest common divisor of 137 and 279343?
137
Calculate the greatest common factor of 4259 and 1.
1
What is the greatest common factor of 525 and 9000?
75
What is the highest common divisor of 13149 and 99?
9
Calculate the highest common divisor of 1310 and 113315.
655
What is the highest common factor of 22 and 128755?
11
What is the highest common factor of 3161 and 1526?
109
Calculate the highest common factor of 78184 and 584.
8
Calculate the highest common factor of 3304 and 16756.
236
Calculate the greatest common divisor of 18389 and 703.
37
What is the highest common factor of 28282 and 14?
2
What is the greatest common factor of 12885 and 60?
15
Calculate the highest common divisor of 164271 and 119.
17
What is the highest common divisor of 157767 and 129?
129
Calculate the greatest common factor of 180 and 2030.
10
What is the highest common factor of 42 and 564830?
14
What is the greatest common factor of 7007 and 52?
13
Calculate the highest common factor of 2920 and 47304.
584
Calculate the greatest common factor of 153643 and 47.
47
What is the greatest common divisor of 5365 and 592?
37
What is the highest common factor of 4592 and 49?
7
What is the greatest common divisor of 23547 and 96162?
141
Calculate the greatest common divisor of 47596 and 876.
292
Calculate the greatest common factor of 2394 and 5094.
18
What is the highest common divisor of 9408 and 117376?
448
Calculate the greatest common factor of 14030 and 12190.
230
Calculate the greatest common factor of 210 and 194397.
21
Calculate the highest common factor of 395 and 188099.
79
Calculate the greatest common divisor of 62502 and 1056.
66
What is the highest common divisor of 13 and 271609?
13
What is the greatest common divisor of 2896815 and 3130?
1565
Calculate the highest common divisor of 28 and 23212.
28
What is the greatest common factor of 88 and 128088?
8
Calculate the greatest common divisor of 2481 and 993.
3
What is the highest common divisor of 9618 and 2?
2
What is the greatest common factor of 5547 and 2967?
129
What is the highest common divisor of 70 and 19054?
14
What is the highest common divisor of 2052 and 426588?
228
Calculate the highest common divisor of 65 and 25.
5
Calculate the greatest common divisor of 2600 and 36725.
325
What is the greatest common factor of 121408 and 4928?
448
What is the highest common factor of 16 and 236?
4
Calculate the greatest common divisor of 48928 and 112.
16
Calculate the highest common divisor of 30 and 709090.
10
What is the highest common factor of 544 and 8976?
272
What is the highest common factor of 161 and 55430?
23
Calculate the greatest common factor of 1568664 and 144.
72
Calculate the highest common divisor of 104 and 223444.
52
What is the greatest common divisor of 10064 and 2176?
272
Calculate the greatest common divisor of 24 and 3576.
24
What is the greatest common divisor of 8927 and 632?
79
What is the highest common divisor of 768790 and 580?
290
What is the greatest common divisor of 164372 and 260?
52
Calculate the greatest common factor of 1188 and 7479.
27
Calculate the greatest common divisor of 3767508 and 108.
36
What is the highest common divisor of 285 and 4655?
95
Calculate the highest common divisor of 1599 and 5781.
123
What is the highest common divisor of 3078 and 726?
6
What is the greatest common factor of 5 and 1953500?
5
Calculate the greatest common divisor of 24 and 2945892.
12
What is the greatest common factor of 384 and 1572?
12
What is the greatest common divisor of 315 and 42885?
45
Calculate the greatest common factor of 33 and 237.
3
What is the highest common divisor of 12 and 308640?
12
Calculate the greatest common divisor